{"id":33,"date":"2024-11-08T11:21:12","date_gmt":"2024-11-08T11:21:12","guid":{"rendered":"https:\/\/bilimhane.org\/?page_id=33"},"modified":"2024-11-08T11:21:12","modified_gmt":"2024-11-08T11:21:12","slug":"bilimsel-topluluk","status":"publish","type":"page","link":"https:\/\/bilimhane.org\/index.php\/bilimsel-topluluk\/","title":{"rendered":"Bilimsel Topluluk"},"content":{"rendered":"<p>Bilimhane\u2019nin bir araya getirdi\u011fi bilimsel topluluk, akademisyenler, ara\u015ft\u0131rmac\u0131lar, \u00f6\u011frenciler ve bilimle ilgilenen bireylerden olu\u015fmaktad\u0131r. Bilimsel geli\u015fmeleri payla\u015fmak, projelerde i\u015f birli\u011fi yapmak ve bilgi al\u0131\u015fveri\u015finde bulunmak amac\u0131yla olu\u015fturulan bu topluluk, \u00fcyelerine s\u00fcrekli \u00f6\u011frenme ve etkile\u015fim f\u0131rsatlar\u0131 sunmaktad\u0131r.<\/p>\n","protected":false},"excerpt":{"rendered":"<p>Bilimhane\u2019nin bir araya getirdi\u011fi bilimsel topluluk, akademisyenler, ara\u015ft\u0131rmac\u0131lar, \u00f6\u011frenciler ve bilimle ilgilenen bireylerden olu\u015fmaktad\u0131r. Bilimsel geli\u015fmeleri payla\u015fmak, projelerde i\u015f birli\u011fi yapmak ve bilgi al\u0131\u015fveri\u015finde bulunmak amac\u0131yla olu\u015fturulan bu topluluk, \u00fcyelerine s\u00fcrekli \u00f6\u011frenme ve etkile\u015fim f\u0131rsatlar\u0131 sunmaktad\u0131r.<\/p>\n","protected":false},"author":2,"featured_media":0,"parent":0,"menu_order":0,"comment_status":"closed","ping_status":"closed","template":"","meta":{"footnotes":""},"class_list":["post-33","page","type-page","status-publish","czr-hentry"],"_links":{"self":[{"href":"https:\/\/bilimhane.org\/index.php\/wp-json\/wp\/v2\/pages\/33","targetHints":{"allow":["GET"]}}],"collection":[{"href":"https:\/\/bilimhane.org\/index.php\/wp-json\/wp\/v2\/pages"}],"about":[{"href":"https:\/\/bilimhane.org\/index.php\/wp-json\/wp\/v2\/types\/page"}],"author":[{"embeddable":true,"href":"https:\/\/bilimhane.org\/index.php\/wp-json\/wp\/v2\/users\/2"}],"replies":[{"embeddable":true,"href":"https:\/\/bilimhane.org\/index.php\/wp-json\/wp\/v2\/comments?post=33"}],"version-history":[{"count":1,"href":"https:\/\/bilimhane.org\/index.php\/wp-json\/wp\/v2\/pages\/33\/revisions"}],"predecessor-version":[{"id":34,"href":"https:\/\/bilimhane.org\/index.php\/wp-json\/wp\/v2\/pages\/33\/revisions\/34"}],"wp:attachment":[{"href":"https:\/\/bilimhane.org\/index.php\/wp-json\/wp\/v2\/media?parent=33"}],"curies":[{"name":"wp","href":"https:\/\/api.w.org\/{rel}","templated":true}]}}